{"id":2316,"date":"2024-09-12T14:12:35","date_gmt":"2024-09-12T12:12:35","guid":{"rendered":"https:\/\/www.cra-centre.org\/sensorialitev2\/?page_id=2316"},"modified":"2026-02-19T17:41:35","modified_gmt":"2026-02-19T16:41:35","slug":"guide-les-modalites-sensorielles","status":"publish","type":"page","link":"https:\/\/www.cra-centre.org\/sensorialitev2\/guide-les-modalites-sensorielles\/","title":{"rendered":"GUIDE-Les modalit\u00e9s sensorielles"},"content":{"rendered":"\t\t<div data-elementor-type=\"wp-page\" data-elementor-id=\"2316\" class=\"elementor elementor-2316\" data-elementor-post-type=\"page\">\n\t\t\t\t<div class=\"elementor-element elementor-element-4e0aa6e e-con-full e-flex e-con e-parent\" data-id=\"4e0aa6e\" data-element_type=\"container\" data-e-type=\"container\" data-settings=\"{&quot;background_background&quot;:&quot;classic&quot;}\">\n\t\t<div class=\"elementor-element elementor-element-1b110c9 e-flex e-con-boxed e-con e-child\" data-id=\"1b110c9\" data-element_type=\"container\" data-e-type=\"container\">\n\t\t\t\t\t<div class=\"e-con-inner\">\n\t\t\t\t<div class=\"elementor-element elementor-element-e1894f6 elementor-widget elementor-widget-heading\" data-id=\"e1894f6\" data-element_type=\"widget\" data-e-type=\"widget\" data-widget_type=\"heading.default\">\n\t\t\t\t<div class=\"elementor-widget-container\">\n\t\t\t\t\t<h2 class=\"elementor-heading-title elementor-size-default\">GUIDE DE LA SENSORIALIT\u00c9<\/h2>\t\t\t\t<\/div>\n\t\t\t\t<\/div>\n\t\t\t\t<div class=\"elementor-element elementor-element-53f03b5 elementor-widget elementor-widget-shortcode\" data-id=\"53f03b5\" data-element_type=\"widget\" data-e-type=\"widget\" data-widget_type=\"shortcode.default\">\n\t\t\t\t<div class=\"elementor-widget-container\">\n\t\t\t\t\t\t\t<div class=\"elementor-shortcode\"><div class=\"site-breadcrumbs clr\"><span class=\"last\">Accueil<\/span><\/div><\/div>\n\t\t\t\t\t\t<\/div>\n\t\t\t\t<\/div>\n\t\t\t\t\t<\/div>\n\t\t\t\t<\/div>\n\t\t\t\t<\/div>\n\t\t<div class=\"elementor-element elementor-element-daf8a4d e-flex e-con-boxed e-con e-parent\" data-id=\"daf8a4d\" data-element_type=\"container\" data-e-type=\"container\">\n\t\t\t\t\t<div class=\"e-con-inner\">\n\t\t<div class=\"elementor-element elementor-element-9674407 e-con-full e-flex elementor-invisible e-con e-child\" data-id=\"9674407\" data-element_type=\"container\" data-e-type=\"container\" data-settings=\"{&quot;animation&quot;:&quot;fadeIn&quot;}\">\n\t\t\t\t<div class=\"elementor-element elementor-element-624d410 elementor-widget elementor-widget-heading\" data-id=\"624d410\" data-element_type=\"widget\" data-e-type=\"widget\" data-widget_type=\"heading.default\">\n\t\t\t\t<div class=\"elementor-widget-container\">\n\t\t\t\t\t<h2 class=\"elementor-heading-title elementor-size-default\">3. Les modalit\u00e9s sensorielles<\/h2>\t\t\t\t<\/div>\n\t\t\t\t<\/div>\n\t\t\t\t<div class=\"elementor-element elementor-element-2025cda elementor-widget elementor-widget-text-editor\" data-id=\"2025cda\" data-element_type=\"widget\" data-e-type=\"widget\" data-widget_type=\"text-editor.default\">\n\t\t\t\t<div class=\"elementor-widget-container\">\n\t\t\t\t\t\t\t\t\t<p>Le trouble du traitement des informations sensorielles peut toucher toutes les modalit\u00e9s sensorielles. Les syst\u00e8mes sensoriels les plus connus sont<\/p>\t\t\t\t\t\t\t\t<\/div>\n\t\t\t\t<\/div>\n\t\t<div class=\"elementor-element elementor-element-74a6786 e-con-full e-flex e-con e-child\" data-id=\"74a6786\" data-element_type=\"container\" data-e-type=\"container\">\n\t\t<div class=\"elementor-element elementor-element-a50115e e-con-full e-flex e-con e-child\" data-id=\"a50115e\" data-element_type=\"container\" data-e-type=\"container\">\n\t\t\t\t<div class=\"elementor-element elementor-element-7ec7255 elementor-widget elementor-widget-heading\" data-id=\"7ec7255\" data-element_type=\"widget\" data-e-type=\"widget\" data-widget_type=\"heading.default\">\n\t\t\t\t<div class=\"elementor-widget-container\">\n\t\t\t\t\t<h2 class=\"elementor-heading-title elementor-size-default\">La vision<\/h2>\t\t\t\t<\/div>\n\t\t\t\t<\/div>\n\t\t\t\t<div class=\"elementor-element elementor-element-2dae03e elementor-widget elementor-widget-image\" data-id=\"2dae03e\" data-element_type=\"widget\" data-e-type=\"widget\" data-widget_type=\"image.default\">\n\t\t\t\t<div class=\"elementor-widget-container\">\n\t\t\t\t\t\t\t\t\t\t\t\t\t\t\t<img decoding=\"async\" width=\"198\" height=\"198\" src=\"https:\/\/www.cra-centre.org\/sensorialitev2\/wp-content\/uploads\/2024\/05\/VISUEL-1.png\" class=\"attachment-large size-large wp-image-1105\" alt=\"\" srcset=\"https:\/\/www.cra-centre.org\/sensorialitev2\/wp-content\/uploads\/2024\/05\/VISUEL-1.png 198w, https:\/\/www.cra-centre.org\/sensorialitev2\/wp-content\/uploads\/2024\/05\/VISUEL-1-150x150.png 150w\" sizes=\"(max-width: 198px) 100vw, 198px\" \/>\t\t\t\t\t\t\t\t\t\t\t\t\t\t\t<\/div>\n\t\t\t\t<\/div>\n\t\t\t\t<\/div>\n\t\t<div class=\"elementor-element elementor-element-174d728 e-con-full e-flex e-con e-child\" data-id=\"174d728\" data-element_type=\"container\" data-e-type=\"container\">\n\t\t\t\t<div class=\"elementor-element elementor-element-91a4655 elementor-widget elementor-widget-heading\" data-id=\"91a4655\" data-element_type=\"widget\" data-e-type=\"widget\" data-widget_type=\"heading.default\">\n\t\t\t\t<div class=\"elementor-widget-container\">\n\t\t\t\t\t<h2 class=\"elementor-heading-title elementor-size-default\">L'audition<\/h2>\t\t\t\t<\/div>\n\t\t\t\t<\/div>\n\t\t\t\t<div class=\"elementor-element elementor-element-35d60f6 elementor-widget elementor-widget-image\" data-id=\"35d60f6\" data-element_type=\"widget\" data-e-type=\"widget\" data-widget_type=\"image.default\">\n\t\t\t\t<div class=\"elementor-widget-container\">\n\t\t\t\t\t\t\t\t\t\t\t\t\t\t\t<img decoding=\"async\" width=\"198\" height=\"198\" src=\"https:\/\/www.cra-centre.org\/sensorialitev2\/wp-content\/uploads\/2024\/05\/AUDITIF-1.png\" class=\"attachment-large size-large wp-image-1107\" alt=\"\" srcset=\"https:\/\/www.cra-centre.org\/sensorialitev2\/wp-content\/uploads\/2024\/05\/AUDITIF-1.png 198w, https:\/\/www.cra-centre.org\/sensorialitev2\/wp-content\/uploads\/2024\/05\/AUDITIF-1-150x150.png 150w\" sizes=\"(max-width: 198px) 100vw, 198px\" \/>\t\t\t\t\t\t\t\t\t\t\t\t\t\t\t<\/div>\n\t\t\t\t<\/div>\n\t\t\t\t<\/div>\n\t\t<div class=\"elementor-element elementor-element-9479ea6 e-con-full e-flex e-con e-child\" data-id=\"9479ea6\" data-element_type=\"container\" data-e-type=\"container\">\n\t\t\t\t<div class=\"elementor-element elementor-element-ae30bc1 elementor-widget elementor-widget-heading\" data-id=\"ae30bc1\" data-element_type=\"widget\" data-e-type=\"widget\" data-widget_type=\"heading.default\">\n\t\t\t\t<div class=\"elementor-widget-container\">\n\t\t\t\t\t<h2 class=\"elementor-heading-title elementor-size-default\">Le toucher<\/h2>\t\t\t\t<\/div>\n\t\t\t\t<\/div>\n\t\t\t\t<div class=\"elementor-element elementor-element-84301b7 elementor-widget elementor-widget-image\" data-id=\"84301b7\" data-element_type=\"widget\" data-e-type=\"widget\" data-widget_type=\"image.default\">\n\t\t\t\t<div class=\"elementor-widget-container\">\n\t\t\t\t\t\t\t\t\t\t\t\t\t\t\t<img decoding=\"async\" width=\"198\" height=\"198\" src=\"https:\/\/www.cra-centre.org\/sensorialitev2\/wp-content\/uploads\/2024\/05\/TACTILE-1.png\" class=\"attachment-large size-large wp-image-1102\" alt=\"\" srcset=\"https:\/\/www.cra-centre.org\/sensorialitev2\/wp-content\/uploads\/2024\/05\/TACTILE-1.png 198w, https:\/\/www.cra-centre.org\/sensorialitev2\/wp-content\/uploads\/2024\/05\/TACTILE-1-150x150.png 150w\" sizes=\"(max-width: 198px) 100vw, 198px\" \/>\t\t\t\t\t\t\t\t\t\t\t\t\t\t\t<\/div>\n\t\t\t\t<\/div>\n\t\t\t\t<\/div>\n\t\t<div class=\"elementor-element elementor-element-1c01786 e-con-full e-flex e-con e-child\" data-id=\"1c01786\" data-element_type=\"container\" data-e-type=\"container\">\n\t\t\t\t<div class=\"elementor-element elementor-element-64ab99f elementor-widget elementor-widget-heading\" data-id=\"64ab99f\" data-element_type=\"widget\" data-e-type=\"widget\" data-widget_type=\"heading.default\">\n\t\t\t\t<div class=\"elementor-widget-container\">\n\t\t\t\t\t<h2 class=\"elementor-heading-title elementor-size-default\">L'olfaction et la gustation<\/h2>\t\t\t\t<\/div>\n\t\t\t\t<\/div>\n\t\t\t\t<div class=\"elementor-element elementor-element-49ba646 elementor-widget elementor-widget-image\" data-id=\"49ba646\" data-element_type=\"widget\" data-e-type=\"widget\" data-widget_type=\"image.default\">\n\t\t\t\t<div class=\"elementor-widget-container\">\n\t\t\t\t\t\t\t\t\t\t\t\t\t\t\t<img decoding=\"async\" width=\"198\" height=\"198\" src=\"https:\/\/www.cra-centre.org\/sensorialitev2\/wp-content\/uploads\/2024\/05\/VISUEL-1.png\" class=\"attachment-large size-large wp-image-1105\" alt=\"\" srcset=\"https:\/\/www.cra-centre.org\/sensorialitev2\/wp-content\/uploads\/2024\/05\/VISUEL-1.png 198w, https:\/\/www.cra-centre.org\/sensorialitev2\/wp-content\/uploads\/2024\/05\/VISUEL-1-150x150.png 150w\" sizes=\"(max-width: 198px) 100vw, 198px\" \/>\t\t\t\t\t\t\t\t\t\t\t\t\t\t\t<\/div>\n\t\t\t\t<\/div>\n\t\t\t\t<\/div>\n\t\t\t\t<\/div>\n\t\t\t\t<div class=\"elementor-element elementor-element-7c94a8a elementor-widget elementor-widget-text-editor\" data-id=\"7c94a8a\" data-element_type=\"widget\" data-e-type=\"widget\" data-widget_type=\"text-editor.default\">\n\t\t\t\t<div class=\"elementor-widget-container\">\n\t\t\t\t\t\t\t\t\t<p>D\u2019autres modalit\u00e9s moins connues sont toutes aussi importantes \u00e0 prendre en compte\u00a0:<\/p>\t\t\t\t\t\t\t\t<\/div>\n\t\t\t\t<\/div>\n\t\t<div class=\"elementor-element elementor-element-bbf8eb1 e-con-full e-flex e-con e-child\" data-id=\"bbf8eb1\" data-element_type=\"container\" data-e-type=\"container\">\n\t\t<div class=\"elementor-element elementor-element-d7ae0a2 e-con-full e-flex e-con e-child\" data-id=\"d7ae0a2\" data-element_type=\"container\" data-e-type=\"container\">\n\t\t<div class=\"elementor-element elementor-element-a39f899 e-con-full e-flex e-con e-child\" data-id=\"a39f899\" data-element_type=\"container\" data-e-type=\"container\">\n\t\t\t\t<div class=\"elementor-element elementor-element-b21cdf8 elementor-widget elementor-widget-heading\" data-id=\"b21cdf8\" data-element_type=\"widget\" data-e-type=\"widget\" data-widget_type=\"heading.default\">\n\t\t\t\t<div class=\"elementor-widget-container\">\n\t\t\t\t\t<h2 class=\"elementor-heading-title elementor-size-default\">Le syst\u00e8me vestibulaire<\/h2>\t\t\t\t<\/div>\n\t\t\t\t<\/div>\n\t\t\t\t<div class=\"elementor-element elementor-element-1597020 elementor-widget elementor-widget-text-editor\" data-id=\"1597020\" data-element_type=\"widget\" data-e-type=\"widget\" data-widget_type=\"text-editor.default\">\n\t\t\t\t<div class=\"elementor-widget-container\">\n\t\t\t\t\t\t\t\t\t<p>Il<strong>\u00a0<\/strong>est le sens de l\u2019\u00e9quilibre qui fournit des informations sur la position de la t\u00eate et sur les d\u00e9placements dans l\u2019espace.<\/p>\t\t\t\t\t\t\t\t<\/div>\n\t\t\t\t<\/div>\n\t\t\t\t<\/div>\n\t\t<div class=\"elementor-element elementor-element-452c45c e-con-full e-flex e-con e-child\" data-id=\"452c45c\" data-element_type=\"container\" data-e-type=\"container\">\n\t\t\t\t<div class=\"elementor-element elementor-element-44f6502 elementor-widget elementor-widget-image\" data-id=\"44f6502\" data-element_type=\"widget\" data-e-type=\"widget\" data-widget_type=\"image.default\">\n\t\t\t\t<div class=\"elementor-widget-container\">\n\t\t\t\t\t\t\t\t\t\t\t\t\t\t\t<img loading=\"lazy\" decoding=\"async\" width=\"198\" height=\"198\" src=\"https:\/\/www.cra-centre.org\/sensorialitev2\/wp-content\/uploads\/2024\/05\/VESTIBULAIRE-1.png\" class=\"attachment-large size-large wp-image-1104\" alt=\"\" srcset=\"https:\/\/www.cra-centre.org\/sensorialitev2\/wp-content\/uploads\/2024\/05\/VESTIBULAIRE-1.png 198w, https:\/\/www.cra-centre.org\/sensorialitev2\/wp-content\/uploads\/2024\/05\/VESTIBULAIRE-1-150x150.png 150w\" sizes=\"(max-width: 198px) 100vw, 198px\" \/>\t\t\t\t\t\t\t\t\t\t\t\t\t\t\t<\/div>\n\t\t\t\t<\/div>\n\t\t\t\t<\/div>\n\t\t\t\t<\/div>\n\t\t<div class=\"elementor-element elementor-element-a3b32f4 e-con-full e-flex e-con e-child\" data-id=\"a3b32f4\" data-element_type=\"container\" data-e-type=\"container\">\n\t\t<div class=\"elementor-element elementor-element-5a57957 e-con-full e-flex e-con e-child\" data-id=\"5a57957\" data-element_type=\"container\" data-e-type=\"container\">\n\t\t\t\t<div class=\"elementor-element elementor-element-67e4213 elementor-widget elementor-widget-heading\" data-id=\"67e4213\" data-element_type=\"widget\" data-e-type=\"widget\" data-widget_type=\"heading.default\">\n\t\t\t\t<div class=\"elementor-widget-container\">\n\t\t\t\t\t<h2 class=\"elementor-heading-title elementor-size-default\">Le syst\u00e8me proprioceptif<\/h2>\t\t\t\t<\/div>\n\t\t\t\t<\/div>\n\t\t\t\t<div class=\"elementor-element elementor-element-c4e4374 elementor-widget elementor-widget-text-editor\" data-id=\"c4e4374\" data-element_type=\"widget\" data-e-type=\"widget\" data-widget_type=\"text-editor.default\">\n\t\t\t\t<div class=\"elementor-widget-container\">\n\t\t\t\t\t\t\t\t\t<p>\u00a0le\u00a0syst\u00e8me proprioceptif \u00a0ou sensibilit\u00e9 profonde renseigne sur l\u2019\u00e9tat et la position du corps gr\u00e2ce \u00e0 des r\u00e9cepteurs localis\u00e9s dans la musculature profonde, les articulations et les tendons.<\/p>\t\t\t\t\t\t\t\t<\/div>\n\t\t\t\t<\/div>\n\t\t\t\t<\/div>\n\t\t<div class=\"elementor-element elementor-element-0f243fa e-con-full e-flex e-con e-child\" data-id=\"0f243fa\" data-element_type=\"container\" data-e-type=\"container\">\n\t\t\t\t<div class=\"elementor-element elementor-element-1447fdb elementor-widget elementor-widget-image\" data-id=\"1447fdb\" data-element_type=\"widget\" data-e-type=\"widget\" data-widget_type=\"image.default\">\n\t\t\t\t<div class=\"elementor-widget-container\">\n\t\t\t\t\t\t\t\t\t\t\t\t\t\t\t<img loading=\"lazy\" decoding=\"async\" width=\"198\" height=\"198\" src=\"https:\/\/www.cra-centre.org\/sensorialitev2\/wp-content\/uploads\/2024\/05\/PROPRIOCEPTIF-1.png\" class=\"attachment-large size-large wp-image-1101\" alt=\"\" srcset=\"https:\/\/www.cra-centre.org\/sensorialitev2\/wp-content\/uploads\/2024\/05\/PROPRIOCEPTIF-1.png 198w, https:\/\/www.cra-centre.org\/sensorialitev2\/wp-content\/uploads\/2024\/05\/PROPRIOCEPTIF-1-150x150.png 150w\" sizes=\"(max-width: 198px) 100vw, 198px\" \/>\t\t\t\t\t\t\t\t\t\t\t\t\t\t\t<\/div>\n\t\t\t\t<\/div>\n\t\t\t\t<\/div>\n\t\t\t\t<\/div>\n\t\t<div class=\"elementor-element elementor-element-789a86c e-con-full e-flex e-con e-child\" data-id=\"789a86c\" data-element_type=\"container\" data-e-type=\"container\">\n\t\t<div class=\"elementor-element elementor-element-60a9c61 e-con-full e-flex e-con e-child\" data-id=\"60a9c61\" data-element_type=\"container\" data-e-type=\"container\">\n\t\t\t\t<div class=\"elementor-element elementor-element-fa4e01c elementor-widget elementor-widget-heading\" data-id=\"fa4e01c\" data-element_type=\"widget\" data-e-type=\"widget\" data-widget_type=\"heading.default\">\n\t\t\t\t<div class=\"elementor-widget-container\">\n\t\t\t\t\t<h2 class=\"elementor-heading-title elementor-size-default\">La nociception et la thermoception<\/h2>\t\t\t\t<\/div>\n\t\t\t\t<\/div>\n\t\t\t\t<div class=\"elementor-element elementor-element-e3dee8f elementor-widget elementor-widget-text-editor\" data-id=\"e3dee8f\" data-element_type=\"widget\" data-e-type=\"widget\" data-widget_type=\"text-editor.default\">\n\t\t\t\t<div class=\"elementor-widget-container\">\n\t\t\t\t\t\t\t\t\t<p>la\u00a0nociception et la\u00a0thermoception sont respectivement les sens de la douleur et de la temp\u00e9rature.<\/p>\t\t\t\t\t\t\t\t<\/div>\n\t\t\t\t<\/div>\n\t\t\t\t<\/div>\n\t\t<div class=\"elementor-element elementor-element-08bce62 e-con-full e-flex e-con e-child\" data-id=\"08bce62\" data-element_type=\"container\" data-e-type=\"container\">\n\t\t\t\t<div class=\"elementor-element elementor-element-9c63dee elementor-widget elementor-widget-image\" data-id=\"9c63dee\" data-element_type=\"widget\" data-e-type=\"widget\" data-widget_type=\"image.default\">\n\t\t\t\t<div class=\"elementor-widget-container\">\n\t\t\t\t\t\t\t\t\t\t\t\t\t\t\t<img loading=\"lazy\" decoding=\"async\" width=\"198\" height=\"198\" src=\"https:\/\/www.cra-centre.org\/sensorialitev2\/wp-content\/uploads\/2024\/05\/NOCICEPTIF-1.png\" class=\"attachment-large size-large wp-image-1110\" alt=\"\" srcset=\"https:\/\/www.cra-centre.org\/sensorialitev2\/wp-content\/uploads\/2024\/05\/NOCICEPTIF-1.png 198w, https:\/\/www.cra-centre.org\/sensorialitev2\/wp-content\/uploads\/2024\/05\/NOCICEPTIF-1-150x150.png 150w\" sizes=\"(max-width: 198px) 100vw, 198px\" \/>\t\t\t\t\t\t\t\t\t\t\t\t\t\t\t<\/div>\n\t\t\t\t<\/div>\n\t\t\t\t<div class=\"elementor-element elementor-element-93aa0e0 elementor-widget elementor-widget-image\" data-id=\"93aa0e0\" data-element_type=\"widget\" data-e-type=\"widget\" data-widget_type=\"image.default\">\n\t\t\t\t<div class=\"elementor-widget-container\">\n\t\t\t\t\t\t\t\t\t\t\t\t\t\t\t<img loading=\"lazy\" decoding=\"async\" width=\"198\" height=\"198\" src=\"https:\/\/www.cra-centre.org\/sensorialitev2\/wp-content\/uploads\/2024\/05\/THERMOCEPTIF-1.png\" class=\"attachment-large size-large wp-image-1103\" alt=\"\" srcset=\"https:\/\/www.cra-centre.org\/sensorialitev2\/wp-content\/uploads\/2024\/05\/THERMOCEPTIF-1.png 198w, https:\/\/www.cra-centre.org\/sensorialitev2\/wp-content\/uploads\/2024\/05\/THERMOCEPTIF-1-150x150.png 150w\" sizes=\"(max-width: 198px) 100vw, 198px\" \/>\t\t\t\t\t\t\t\t\t\t\t\t\t\t\t<\/div>\n\t\t\t\t<\/div>\n\t\t\t\t<\/div>\n\t\t\t\t<\/div>\n\t\t\t\t<\/div>\n\t\t\t\t<\/div>\n\t\t\t\t\t<\/div>\n\t\t\t\t<\/div>\n\t\t<div class=\"elementor-element elementor-element-ff745e0 e-flex e-con-boxed e-con e-parent\" data-id=\"ff745e0\" data-element_type=\"container\" data-e-type=\"container\">\n\t\t\t\t\t<div class=\"e-con-inner\">\n\t\t<div class=\"elementor-element elementor-element-c9a8263 e-con-full e-flex e-con e-child\" data-id=\"c9a8263\" data-element_type=\"container\" data-e-type=\"container\">\n\t\t<div class=\"elementor-element elementor-element-caa44bf e-con-full e-flex e-con e-child\" data-id=\"caa44bf\" data-element_type=\"container\" data-e-type=\"container\">\n\t\t\t\t<div class=\"elementor-element elementor-element-bd53dea elementor-align-justify elementor-widget elementor-widget-button\" data-id=\"bd53dea\" data-element_type=\"widget\" data-e-type=\"widget\" data-widget_type=\"button.default\">\n\t\t\t\t<div class=\"elementor-widget-container\">\n\t\t\t\t\t\t\t\t\t<div class=\"elementor-button-wrapper\">\n\t\t\t\t\t<a class=\"elementor-button elementor-button-link elementor-size-sm\" href=\"https:\/\/www.cra-centre.org\/sensorialitev2\/guide-les-3-grands-profils\/\">\n\t\t\t\t\t\t<span class=\"elementor-button-content-wrapper\">\n\t\t\t\t\t\t\t\t\t<span class=\"elementor-button-text\">2. Les 3 grands profils comportementaux<\/span>\n\t\t\t\t\t<\/span>\n\t\t\t\t\t<\/a>\n\t\t\t\t<\/div>\n\t\t\t\t\t\t\t\t<\/div>\n\t\t\t\t<\/div>\n\t\t\t\t<\/div>\n\t\t<div class=\"elementor-element elementor-element-9a8a8a0 e-con-full e-flex e-con e-child\" data-id=\"9a8a8a0\" data-element_type=\"container\" data-e-type=\"container\">\n\t\t\t\t<div class=\"elementor-element elementor-element-5b3d235 elementor-align-justify elementor-widget elementor-widget-button\" data-id=\"5b3d235\" data-element_type=\"widget\" data-e-type=\"widget\" data-widget_type=\"button.default\">\n\t\t\t\t<div class=\"elementor-widget-container\">\n\t\t\t\t\t\t\t\t\t<div class=\"elementor-button-wrapper\">\n\t\t\t\t\t<a class=\"elementor-button elementor-button-link elementor-size-sm\" href=\"https:\/\/www.cra-centre.org\/sensorialitev2\/guide-evaluer-les-troubles-sensoriels-pour-mieux-comprendre\/\">\n\t\t\t\t\t\t<span class=\"elementor-button-content-wrapper\">\n\t\t\t\t\t\t\t\t\t<span class=\"elementor-button-text\">4. Evaluer les troubles sensoriels pour mieux accompagner<\/span>\n\t\t\t\t\t<\/span>\n\t\t\t\t\t<\/a>\n\t\t\t\t<\/div>\n\t\t\t\t\t\t\t\t<\/div>\n\t\t\t\t<\/div>\n\t\t\t\t<\/div>\n\t\t\t\t<\/div>\n\t\t\t\t\t<\/div>\n\t\t\t\t<\/div>\n\t\t\t\t<\/div>\n\t\t","protected":false},"excerpt":{"rendered":"<p>GUIDE DE LA SENSORIALIT\u00c9 3. Les modalit\u00e9s sensorielles Le trouble du traitement des informations sensorielles peut toucher toutes les modalit\u00e9s sensorielles. Les syst\u00e8mes sensoriels les plus connus sont La vision L&rsquo;audition Le toucher L&rsquo;olfaction et la gustation D\u2019autres modalit\u00e9s moins connues sont toutes aussi importantes \u00e0 prendre en compte\u00a0: Le syst\u00e8me vestibulaire Il\u00a0est le sens [&hellip;]<\/p>\n","protected":false},"author":1,"featured_media":0,"parent":0,"menu_order":0,"comment_status":"closed","ping_status":"closed","template":"elementor_header_footer","meta":{"_acf_changed":false,"footnotes":""},"class_list":["post-2316","page","type-page","status-publish","hentry","entry"],"acf":[],"_links":{"self":[{"href":"https:\/\/www.cra-centre.org\/sensorialitev2\/wp-json\/wp\/v2\/pages\/2316","targetHints":{"allow":["GET"]}}],"collection":[{"href":"https:\/\/www.cra-centre.org\/sensorialitev2\/wp-json\/wp\/v2\/pages"}],"about":[{"href":"https:\/\/www.cra-centre.org\/sensorialitev2\/wp-json\/wp\/v2\/types\/page"}],"author":[{"embeddable":true,"href":"https:\/\/www.cra-centre.org\/sensorialitev2\/wp-json\/wp\/v2\/users\/1"}],"replies":[{"embeddable":true,"href":"https:\/\/www.cra-centre.org\/sensorialitev2\/wp-json\/wp\/v2\/comments?post=2316"}],"version-history":[{"count":25,"href":"https:\/\/www.cra-centre.org\/sensorialitev2\/wp-json\/wp\/v2\/pages\/2316\/revisions"}],"predecessor-version":[{"id":2864,"href":"https:\/\/www.cra-centre.org\/sensorialitev2\/wp-json\/wp\/v2\/pages\/2316\/revisions\/2864"}],"wp:attachment":[{"href":"https:\/\/www.cra-centre.org\/sensorialitev2\/wp-json\/wp\/v2\/media?parent=2316"}],"curies":[{"name":"wp","href":"https:\/\/api.w.org\/{rel}","templated":true}]}}