{"id":2067,"date":"2024-07-05T14:38:31","date_gmt":"2024-07-05T12:38:31","guid":{"rendered":"https:\/\/www.cra-centre.org\/formation\/?post_type=formationv2&#038;p=2067"},"modified":"2026-02-17T09:54:44","modified_gmt":"2026-02-17T08:54:44","slug":"s01-comprendre-lautisme-pour-accompagner-vers-linsertion-professionnelle","status":"publish","type":"catalogue","link":"https:\/\/www.cra-centre.org\/formation\/catalogue\/s01-comprendre-lautisme-pour-accompagner-vers-linsertion-professionnelle\/","title":{"rendered":"S01 &#8211; Comprendre l&rsquo;autisme pour accompagner vers l&rsquo;insertion professionnelle"},"content":{"rendered":"","protected":false},"excerpt":{"rendered":"<p>Cette sensibilisation s\u2019adresse aux professionnels et acteurs de l\u2019accompagnement \u00e0 l\u2019emploi des personnes en situation de handicap, aux chefs d\u2019entreprises, job-coach (\u2026) afin de les sensibiliser aux particularit\u00e9s de fonctionnement socio-adaptatif, langagier et cognitif des personnes avec Trouble du Spectre de l&rsquo;Autisme (TSA) et leur apporter des pistes en termes d&rsquo;outils et solutions d\u2019am\u00e9nagements.<\/p>\n","protected":false},"featured_media":2071,"template":"","meta":{"_acf_changed":true},"categorie":[70],"class_list":["post-2067","catalogue","type-catalogue","status-publish","has-post-thumbnail","hentry","categorie-professionnel","entry","has-media"],"acf":{"titre_de_la_formation":"S01 - Comprendre l'autisme pour accompagner vers l'insertion professionnelle","description":"Cette sensibilisation s\u2019adresse aux professionnels et acteurs de l\u2019accompagnement \u00e0 l\u2019emploi des personnes en situation de handicap, aux chefs d\u2019entreprises, job-coach (\u2026) afin de les sensibiliser aux particularit\u00e9s de fonctionnement socio-adaptatif, langagier et cognitif des personnes avec Trouble du Spectre de l'Autisme (TSA) et leur apporter des pistes en termes d'outils et solutions d\u2019am\u00e9nagements.","niveau":"D\u00e9butant","image_niveau":1654,"Nouveaut\u00e9":"","statut":"En cours de programmation","public":["Professionnel du domaine m\u00e9dico-social ou sanitaire","Professionnel lib\u00e9ral","Professionnel et acteur de l'emploi"],"prerequis":"Travailler dans le champ de l'insertion professionnelle","duree":"4h (1\/2 journ\u00e9e)","intervenants":["Ergoth\u00e9rapeute","Psychologue"],"objectifs_de_la_formation":"<ul>\r\n \t<li>Apporter aux stagiaires des connaissances th\u00e9oriques actualis\u00e9es, au regard des Recommandations de Bonne pratique de la H.A.S.<\/li>\r\n \t<li>Comprendre l'impact du TSA dans la vie quotidienne et professionnelle de l'adulte avec autisme<\/li>\r\n<\/ul>","dates_de_la_formation":"","particularites":["Sans frais d'inscription et de formation"],"contenus":"<ul>\r\n \t<li>Qu'est-ce qu'un Trouble du Spectre de l'Autisme ?<\/li>\r\n \t<li>Ajustement dans le milieu professionnel<\/li>\r\n \t<li>Pr\u00e9sentation du \"Kit Com\"<\/li>\r\n \t<li>Temps d'\u00e9change<\/li>\r\n<\/ul>","horaire":"9h-13h ou 13h-17 h","lieu":["CRATours"],"adresse_exterieur":"","effectif":"8 (mini) - 20 (maxi)","date_limite_inscription":"<ul>\r\n \t<li>5 jours avant la formation<\/li>\r\n<\/ul>","lien_dinscription_formation":"https:\/\/www.cra-centre.org\/formation\/s01-comprendre-le-trouble-du-spectre-de-lautisme-tsa-pour-accompagner-vers-linsertion-professionnelle\/","alerte_notification":"https:\/\/www.cra-centre.org\/formation\/notification_formation\/","moyens_pedagogiques":"Salles \u00e9quip\u00e9es","methodes_pedagogiques":"Diaporamas, vid\u00e9os, \u00e9changes de pratiques","modalites_evaluation":"<span data-olk-copy-source=\"MessageBody\">Echanges en continu au fil de la journ\u00e9e, questions\/ r\u00e9ponses entre les stagiaires et l\u2019intervenant, questionnaire de satisfaction.<\/span>"},"_links":{"self":[{"href":"https:\/\/www.cra-centre.org\/formation\/wp-json\/wp\/v2\/catalogue\/2067","targetHints":{"allow":["GET"]}}],"collection":[{"href":"https:\/\/www.cra-centre.org\/formation\/wp-json\/wp\/v2\/catalogue"}],"about":[{"href":"https:\/\/www.cra-centre.org\/formation\/wp-json\/wp\/v2\/types\/catalogue"}],"wp:featuredmedia":[{"embeddable":true,"href":"https:\/\/www.cra-centre.org\/formation\/wp-json\/wp\/v2\/media\/2071"}],"wp:attachment":[{"href":"https:\/\/www.cra-centre.org\/formation\/wp-json\/wp\/v2\/media?parent=2067"}],"wp:term":[{"taxonomy":"categorie","embeddable":true,"href":"https:\/\/www.cra-centre.org\/formation\/wp-json\/wp\/v2\/categorie?post=2067"}],"curies":[{"name":"wp","href":"https:\/\/api.w.org\/{rel}","templated":true}]}}

<p>Cette sensibilisation s’adresse aux professionnels et acteurs de l’accompagnement à l’emploi des personnes en situation de handicap, aux chefs d’entreprises, job-coach (…) afin de les sensibiliser aux particularités de fonctionnement socio-adaptatif, langagier et cognitif des personnes avec Trouble du Spectre de l&rsquo;Autisme (TSA) et leur apporter des pistes en termes d&rsquo;outils et solutions d’aménagements.</p>

Cette sensibilisation s’adresse aux professionnels et acteurs de l’accompagnement à l’emploi des personnes en situation de handicap, aux chefs d’entreprises, job-coach (…) afin de les sensibiliser aux particularités de fonctionnement socio-adaptatif, langagier et cognitif des personnes avec Trouble du Spectre de l'Autisme (TSA) et leur apporter des pistes en termes d'outils et solutions d’aménagements.

Débutant

Professionnel du domaine médico-social ou sanitaire

Professionnel libéral

4h (1/2 journée)

Ergothérapeute

<ul>
 	<li>Apporter aux stagiaires des connaissances théoriques actualisées, au regard des Recommandations de Bonne pratique de la H.A.S.</li>
 	<li>Comprendre l'impact du TSA dans la vie quotidienne et professionnelle de l'adulte avec autisme</li>
</ul>

<ul>
 	<li>Qu'est-ce qu'un Trouble du Spectre de l'Autisme ?</li>
 	<li>Ajustement dans le milieu professionnel</li>
 	<li>Présentation du "Kit Com"</li>
 	<li>Temps d'échange</li>
</ul>

Salles équipées

Diaporamas, vidéos, échanges de pratiques

<span data-olk-copy-source="MessageBody">Echanges en continu au fil de la journée, questions/ réponses entre les stagiaires et l’intervenant, questionnaire de satisfaction.</span>
