{"id":1794,"date":"2024-01-08T14:49:05","date_gmt":"2024-01-08T13:49:05","guid":{"rendered":"https:\/\/www.cra-centre.org\/formation\/?post_type=formationv2&#038;p=1794"},"modified":"2026-02-17T09:55:50","modified_gmt":"2026-02-17T08:55:50","slug":"i02-comprendre-et-accueillir-les-personnes-avec-tsa-version-adulte","status":"publish","type":"catalogue","link":"https:\/\/www.cra-centre.org\/formation\/catalogue\/i02-comprendre-et-accueillir-les-personnes-avec-tsa-version-adulte\/","title":{"rendered":"I02 &#8211; Comprendre et accueillir les personnes avec Trouble du Spectre de l&rsquo;Autisme (TSA) [version adulte]"},"content":{"rendered":"","protected":false},"excerpt":{"rendered":"<p>Les Troubles du Spectre de l&rsquo;Autisme (TSA) sont de plus en plus connus du grand public mais leur diagnostic clinique reste complexe en raison de l&rsquo;expression vari\u00e9e des profils. Une meilleure compr\u00e9hension de ces signes chez les adultes permet d&rsquo;am\u00e9liorer la compr\u00e9hension mutuelle et de proposer un accompagnement au plus pr\u00e8s du profil sp\u00e9cifique de chaque personne. Cette formation peut donner aux \u00e9quipes des pistes \u00ab\u00a0remobilisantes\u00a0\u00bb. <\/p>\n","protected":false},"featured_media":1857,"template":"","meta":{"_acf_changed":true},"categorie":[69,70,71],"class_list":["post-1794","catalogue","type-catalogue","status-publish","has-post-thumbnail","hentry","categorie-aidant","categorie-professionnel","categorie-tout-public","entry","has-media"],"acf":{"titre_de_la_formation":"I02 - Comprendre et accueillir les personnes avec Trouble du Spectre de l'Autisme (TSA) [version adulte]","description":"Les Troubles du Spectre de l'Autisme (TSA) sont de plus en plus connus du grand public mais leur diagnostic clinique reste complexe en raison de l'expression vari\u00e9e des profils. Une meilleure compr\u00e9hension de ces signes chez les adultes permet d'am\u00e9liorer la compr\u00e9hension mutuelle et de proposer un accompagnement au plus pr\u00e8s du profil sp\u00e9cifique de chaque personne. Cette formation peut donner aux \u00e9quipes des pistes \"remobilisantes\".","niveau":"Interm\u00e9diaire","image_niveau":1655,"Nouveaut\u00e9":"","statut":"Ouvert \u00e0 l'inscription","public":["Tout public"],"prerequis":"Aucun","duree":"7h (1 journ\u00e9e)","intervenants":["M\u00e9decin Psychiatre","Infirmier","Orthophoniste","Ergoth\u00e9rapeute","Psychologue"],"objectifs_de_la_formation":"<ul>\r\n \t<li><span style=\"font-size: 10pt;\">Connaitre et rep\u00e9rer les sp\u00e9cificit\u00e9s du trouble du spectre de l'autisme chez l'adulte\r\n<\/span><\/li>\r\n \t<li><span style=\"font-size: 10pt;\">Connaitre et comprendre les particularit\u00e9s langagi\u00e8res et sensorielles de l'autisme<\/span><\/li>\r\n \t<li><span style=\"font-size: 10pt;\"><span style=\"font-family: tahoma,arial,helvetica,sans-serif;\">Apporter au stagiaire des connaissances th\u00e9oriques actualis\u00e9es, au regard des recommandations de bonne pratique de la H.A.S.\r\n<\/span><\/span><\/li>\r\n \t<li><span style=\"font-size: 10pt;\">Mieux comprendre et s\u2019ajuster \u00e0 chaque personne avec autisme<\/span><\/li>\r\n \t<li><span style=\"font-size: 10pt;\">Pr\u00e9venir et am\u00e9liorer l'acc\u00e8s aux soins<\/span><\/li>\r\n<\/ul>","dates_de_la_formation":"<ul>\r\n \t<li>03\/07\/2026 en pr\u00e9sentiel<\/li>\r\n \t<li>11\/12\/2026 en visioconf\u00e9rence<\/li>\r\n<\/ul>","particularites":["Sans frais d'inscription et de formation"],"contenus":"<ul>\r\n \t<li>TSA : D\u00e9finition et signes cliniques<\/li>\r\n \t<li>Les particularit\u00e9s du traitement de l\u2019information environnementale<\/li>\r\n \t<li>Les particularit\u00e9s de la communication<\/li>\r\n \t<li>Accompagnement aux soins somatiques<\/li>\r\n \t<li>Temps d\u2018\u00e9changes et retour sur la formation<\/li>\r\n<\/ul>","horaire":"8H45-12h30 et 12h30-16h45","lieu":["Enligne"],"adresse_exterieur":"","effectif":"8 \u00e0 20 personnes","date_limite_inscription":"<ul>\r\n \t<li>5 jours avant la formation<\/li>\r\n<\/ul>","lien_dinscription_formation":"https:\/\/www.cra-centre.org\/formation\/i02-comprendre-et-accueillir-les-personnes-avec-trouble-du-spectre-de-lautisme-tsa-version-adulte\/","alerte_notification":"https:\/\/www.cra-centre.org\/formation\/i02-comprendre-et-accueillir-les-personnes-avec-trouble-du-spectre-de-lautisme-tsa-version-adulte_notification\/","moyens_pedagogiques":"Salles \u00e9quip\u00e9es","methodes_pedagogiques":"Diaporamas, vid\u00e9os, \u00e9changes de pratiques","modalites_evaluation":"<span data-olk-copy-source=\"MessageBody\">Echanges en continu au fil de la journ\u00e9e, questions\/ r\u00e9ponses entre les stagiaires et l\u2019intervenant, questionnaire de satisfaction.<\/span>"},"_links":{"self":[{"href":"https:\/\/www.cra-centre.org\/formation\/wp-json\/wp\/v2\/catalogue\/1794","targetHints":{"allow":["GET"]}}],"collection":[{"href":"https:\/\/www.cra-centre.org\/formation\/wp-json\/wp\/v2\/catalogue"}],"about":[{"href":"https:\/\/www.cra-centre.org\/formation\/wp-json\/wp\/v2\/types\/catalogue"}],"wp:featuredmedia":[{"embeddable":true,"href":"https:\/\/www.cra-centre.org\/formation\/wp-json\/wp\/v2\/media\/1857"}],"wp:attachment":[{"href":"https:\/\/www.cra-centre.org\/formation\/wp-json\/wp\/v2\/media?parent=1794"}],"wp:term":[{"taxonomy":"categorie","embeddable":true,"href":"https:\/\/www.cra-centre.org\/formation\/wp-json\/wp\/v2\/categorie?post=1794"}],"curies":[{"name":"wp","href":"https:\/\/api.w.org\/{rel}","templated":true}]}}

<p>Les Troubles du Spectre de l&rsquo;Autisme (TSA) sont de plus en plus connus du grand public mais leur diagnostic clinique reste complexe en raison de l&rsquo;expression variée des profils. Une meilleure compréhension de ces signes chez les adultes permet d&rsquo;améliorer la compréhension mutuelle et de proposer un accompagnement au plus près du profil spécifique de chaque personne. Cette formation peut donner aux équipes des pistes « remobilisantes ». </p>

Les Troubles du Spectre de l'Autisme (TSA) sont de plus en plus connus du grand public mais leur diagnostic clinique reste complexe en raison de l'expression variée des profils. Une meilleure compréhension de ces signes chez les adultes permet d'améliorer la compréhension mutuelle et de proposer un accompagnement au plus près du profil spécifique de chaque personne. Cette formation peut donner aux équipes des pistes "remobilisantes".

Intermédiaire

Ouvert à l'inscription

7h (1 journée)

Médecin Psychiatre

Ergothérapeute

<ul>
 	<li><span style="font-size: 10pt;">Connaitre et repérer les spécificités du trouble du spectre de l'autisme chez l'adulte
</span></li>
 	<li><span style="font-size: 10pt;">Connaitre et comprendre les particularités langagières et sensorielles de l'autisme</span></li>
 	<li><span style="font-size: 10pt;"><span style="font-family: tahoma,arial,helvetica,sans-serif;">Apporter au stagiaire des connaissances théoriques actualisées, au regard des recommandations de bonne pratique de la H.A.S.
</span></span></li>
 	<li><span style="font-size: 10pt;">Mieux comprendre et s’ajuster à chaque personne avec autisme</span></li>
 	<li><span style="font-size: 10pt;">Prévenir et améliorer l'accès aux soins</span></li>
</ul>

<ul>
 	<li>03/07/2026 en présentiel</li>
 	<li>11/12/2026 en visioconférence</li>
</ul>

<ul>
 	<li>TSA : Définition et signes cliniques</li>
 	<li>Les particularités du traitement de l’information environnementale</li>
 	<li>Les particularités de la communication</li>
 	<li>Accompagnement aux soins somatiques</li>
 	<li>Temps d‘échanges et retour sur la formation</li>
</ul>

8 à 20 personnes

Salles équipées

Diaporamas, vidéos, échanges de pratiques

<span data-olk-copy-source="MessageBody">Echanges en continu au fil de la journée, questions/ réponses entre les stagiaires et l’intervenant, questionnaire de satisfaction.</span>
